
False
Let b(h) = 31*h - 6. Let q be b(1). Suppose -9*n + q = -4*n. Suppose -2*v + 53 = -2*k + 197, 2*k + n*v = 123. Is k a composite number?
True
Suppose -2*l = -2*b + 9 - 11, 2*b + 17 = -3*l. Is (-50425)/(-55) + (-35)/(-11) + l composite?
True
Let o(h) = 222*h**2 - 7*h + 9. Let l(u) = 223*u**2 - 7*u + 8. Let g(v) = 4*l(v) - 3*o(v). Suppose -18 = -3*y + 2*q, 2 = 2*y + 2*q - 0. Is g(y) a prime number?
True
Suppose 0*x - 1915759 - 1695371 = -6*x. Is x prime?
False
Suppose 5*j - 2162395 = -54*j - 453696. Is j a composite number?
False
Let n(i) = 7328*i - 1697. Is n(62) prime?
False
Suppose -4274841 - 3495450 = -10*u + 2086619. Is u prime?
False
Suppose 0 = 3*x + 3*j - 93534, 29*x - 32*x = -8*j - 93479. Is x composite?
True
Let y(h) be the first derivative of 18*h**3 + 15*h**2 + 37*h + 242. Is y(9) a composite number?
True
Let l be (-3 + 21/4)*(-20)/(-15). Suppose 4*z + 4*i - 83560 = 0, z = 2*z + l*i - 20900. Is z a composite number?
True
Suppose -2595998 = -2*w - 2*n, n + 1278500 = 2*w - 1317510. Is w composite?
True
Is (-25)/(-75) - (-2244625)/15 a prime number?
False
Suppose -5*w = -8*w. Let i be (-3)/(-15)*w - -6790. Suppose d = -4*r + 5427, 3*r = -2*r + 5*d + i. Is r prime?
False
Suppose 0 = -11*u + 8*u. Suppose u = 2*p - 3*z - 15575, 3*p - z + 6*z - 23372 = 0. Is p a composite number?
False
Let i = 5617 - 234. Is i prime?
False
Let q be (-4)/1*(0 - 1). Suppose -2*y + 9 = s, -5*y - q*s - s = -30. Suppose -y*t + 4136 = 4*l - 86, -3*l = -t + 1390. Is t prime?
False
Let z(a) = -a**3 + 22*a**2 + 2*a + 63. Let f be z(19). Let k = -319 + f. Is k a composite number?
True
Let f be (4/((-24)/38) + 4)*-3. Is (-2 + f - (-2 - -2))*331 composite?
True
Let b be -7 - (-49831)/6 - 1/6. Suppose 0 = z + c - 2774, b = -8*z + 11*z - 5*c. Is z a composite number?
True
Is -115054*(1/4)/((-1)/2) composite?
False
Let c be 37886*(-4 + (-18)/(-4)). Suppose u - 6*u - 3*b = -94741, -u + c = -2*b. Is u a composite number?
False
Let h(y) = 3078*y**2 - 59*y - 69. Is h(8) a composite number?
True
Let w(n) = 193*n**2 - 17*n + 99. Let b be 2 - 15/9 - 350/(-75). Is w(b) a prime number?
False
Let n(x) = -11719*x - 7476. Is n(-47) prime?
False
Suppose 14*y = 13*y + 4. Suppose 38*d - 3769 = 35*d + y*n, -d + 1251 = -4*n. Is d a composite number?
False
Suppose 9 = 9*c - 9. Let i be c + 60/(-27) - (-28030)/18. Suppose 7*o = -80 + i. Is o composite?
False
Let f(u) = -3*u - 28. Suppose -14 = 2*l - 3*s, -s = 3*l + 35 - 3. Let t be f(l). Suppose 0 = t*w, 3*a - a - 542 = w. Is a prime?
True
Let x be 4/6 - 5/3. Suppose -24*j + 142 = 1702. Is (x + 142)*j/(-15) a composite number?
True
Let y be (2/(-10))/((-48)/7440). Suppose 0 = -y*d + 4969 + 37594. Is d composite?
False
Let y(b) = b**2 + 7*b - 5. Let n be y(-8). Suppose -4*o = -5*a + 17, -n*a - 2*o + 21 = o. Suppose -5*u - 5 = 0, 3*u + 0*u - 2812 = -a*i. Is i prime?
True
Let n(y) = 3*y - 21. Suppose -3*i + 4*t = -4 - 0, 3*t - 15 = 0. Let w be n(i). Suppose -w*c + 7880 = 5*c. Is c prime?
False
Suppose t - 1447008 = -87*r + 84*r, 4*t = 5*r - 2411714. Is r prime?
False
Suppose -2*a = k - 32741, -110180 - 53573 = -5*k + 2*a. Is k prime?
True
Let r(c) = -12 - c**2 - 3 + 4 - 4*c + 8. Let d be r(-4). Is d - (-843 + 3 + -1) a prime number?
False
Let k(f) = -21291*f + 2176. Is k(-17) prime?
False
Let z(a) = 129 - 97 + 371*a + 135. Is z(12) a composite number?
True
Suppose -6394752 = -26*w + 29164850. Is w a composite number?
True
Is -4001*7/(21/(-6)) composite?
True
Let t = 1151 + 7788. Is t a prime number?
False
Suppose -3*x + 10329 = 4*i - 16090, -2*i + 4*x = -13226. Let r be ((-4634)/3)/(4/12). Let t = i + r. Is t composite?
False
Let z(w) be the third derivative of w**4/8 + 25*w**3/6 + 9*w**2. Let b be z(18). Let i = b + -54. Is i composite?
True
Let a(v) = 85*v**3 + 10*v**2 - 8*v - 106. Is a(11) prime?
False
Let n be 1*(-588 - 5)/((-13)/(-13)). Let c = -1201 + 277. Let z = n - c. Is z composite?
False
Suppose -4*n - 3*p = -454876, 568576 = 5*n - 4*p + 3*p. Suppose -106*i = -102*i - n. Is i a composite number?
False
Let u(m) be the second derivative of -17*m**5/20 + m**4/3 - 5*m**3/6 - 9*m**2/2 - 15*m. Let j be u(-4). Suppose 0 = 11*a - 10*a - j. Is a composite?
False
Let x(f) be the third derivative of 5*f**4/24 + f**3 + 3*f**2. Let i be x(-4). Let t(c) = c**3 + 19*c**2 + 15*c + 17. Is t(i) prime?
True
Let o(m) = 147*m + 2. Let p be (-4)/(-14)*154/88*2. Is o(p) a prime number?
True
Let c(d) = -d + 2. Let a be c(-3). Suppose 0 = -a*r - 15, -15*i - 5*r + 1 = -13*i. Suppose 0 = 3*q + 15, -i*q = 5*x - 4*q - 23085. Is x a composite number?
False
Suppose 5*g + 0*g = -20. Let b be 1 + 60073/11 - g/(-22). Is 4/16 - b/(-8) composite?
False
Suppose -3*w = 2*w - a - 3564, -3*a + 700 = w. Suppose 10*i + w = 80202. Is i prime?
True
Suppose r = -2*y + 496101, 0 = -4*r + 14 + 14. Is y a prime number?
False
Suppose -3*p + 255 = 2*p. Suppose n = p - 48. Suppose n*d = 5585 - 2. Is d a composite number?
False
Let t(p) = 3*p**2 + 3*p + 6049. Let z be 2/9 + 7 + 65/(-9). Is t(z) a prime number?
False
Let z(d) = 74*d**2 - 235*d + 152. Is z(-49) a composite number?
True
Is 686513 - (-15)/(105/14) a composite number?
True
Suppose -z - 1 = 3. Let h be z/24 - (-9301)/6. Suppose 5*g + 2914 = p, -3*p - 3*g + 7282 = -h. Is p a prime number?
True
Suppose 0 = -i + 1666 - 159. Let u = i + -266. Is u composite?
True
Suppose 4*r + 33 = -j, 0 + 4 = -4*j. Let i be 6908*(r - ((0 - 0) + -2)). Is (2/(-3))/(16/i) composite?
True
Let l(s) = 42082*s**2 - 36*s - 5. Is l(-2) composite?
True
Suppose -98*w + 14412 + 299788 = -142774. Is w prime?
True
Let z(l) = 5*l**3 + 48*l**2 + 40*l - 178. Is z(53) a prime number?
True
Suppose i = 4*y - 6, 2*i - 2 = -2*y + 3*i. Suppose -8*s + 10*s + 5*o = 2210, -y*s + 4*o = -2174. Let v = -422 + s. Is v a prime number?
True
Suppose -3*w + 0*w + 10752 = 0. Suppose -5*f - 4*v - 8966 = -3*v, -2*f - v - w = 0. Is (2/3)/(1 + 1790/f) composite?
True
Suppose 24*r + 4114612 = -4*r + 13176224. Is r a composite number?
True
Let n be ((-105)/(-14) - 3)*2/3. Suppose 3*y = 4*i + 6*y - 12, n*i - 2*y = 9. Suppose -b = 3*m - 114, 2*b = -i*m - 24 + 141. Is m a composite number?
False
Let k = -129 + 186. Let c = 644 + k. Is c a composite number?
False
Suppose -20*w + 1322783 = -108761 - 352516. Is w a prime number?
True
Let i(l) = -l**2 - 8*l - 8. Let v = -104 - -98. Let h be i(v). Is (h/16)/(33573/(-16788) - -2) composite?
False
Let i = 557 - 557. Suppose i = 2*v + 2*n - 15652, 7832 = -18*v + 19*v - 5*n. Is v composite?
True
Suppose 9 = -3*x - 3. Let b be (x - -3) + (-511)/1. Let z = b + 765. Is z prime?
False
Suppose 0 = f + 3, 3*n + 3*f - 3219 = 6*f. Let k = n + 1478. Suppose 2642 = 2*w + a + 85, 2*a = 2*w - k. Is w composite?
False
Suppose -9*r + 2196584 + 105251 = -78548. Is r composite?
False
Let a(u) = 12*u**2 + 51*u + 4. Is a(19) a composite number?
True
Suppose -5*o - 2*g = -3677069, -40*o + 5*g + 735430 = -39*o. Is o composite?
True
Let a = 4555681 + -3074750. Is a composite?
False
Let r(u) = -19*u**3 - u**2 - 2*u + 5. Let d be ((-3)/(-4))/((-27)/(-1404)). Let o = d + -43. Is r(o) composite?
False
Let c(g) = -63*g**3 + g**2 - 8*g - 9. Let w be c(-1). Is w/(-45) - 145688/(-20) composite?
False
Suppose 183 = 2*w - 4*q - 5, 0 = -5*q + 10. Suppose -5*y = -2*m + w, 0*m - 23 = y + 3*m. Is 7194/10 - ((-8)/y + 0) a composite number?
False
Let n = 47 - 45. Suppose -n*m + 128 + 42 = 0. Is m a prime number?
False
Suppose 4*b = -2*p + 20, -7*p + 6*p = -4*b + 14. Is 105/42 - (-11802)/b composite?
False
Suppose -15 = -5*c, 5*q - 2*c + 298 = -13. Let m = 66 + q. Suppose 6652 = 3*y - p, -m*y + 11080 = -0*p - 3*p. Is y prime?
False
Let j = -21 - 128. Let t = j - -372. Suppose -d - t = -2*d. Is d prime?
True
Let l(o) = -2510*o**3 - 8*o**2 - 6*o + 3. Is l(-2) prime?
True
Let j be 6/18 - (2 + 5/(-3)). Suppose j = 3*v + 5*r - 25, -2*r + 10 = 2*v - 4. Suppose 606 = 4*f + 5*y, -129 - 10 = -f + v*y. Is f composite?
False
Let y(k) = -69*k + 4. Let v be y(-2). Suppose -139*r + v*r = 8538. Is r a prime number?
False
Let j = -12716 + 32313. Is j prime?
True
Let c be 4/(-38) + 165464/(-247). Is -68*c/80 + (-3)/(-2) composite?
False
Let y be -3 + 3 - -1811 - 1. Suppose -2*k - 4*d + y = 0, d + 3613 + 923 = 5*k. Is k a composite number?
False
Let z = 22278 + 13691. Is z prime?
True
Let 